 0*r + f = -4*r + 51. Calculate the highest common factor of r and 12.
12
Let f(u) = -u**2 + 21*u + 16. Let k be f(18). Let b be (-14)/(-4)*64/16. What is the highest common factor of k and b?
14
Let h = -749 + 761. Let p = -131 - -191. What is the highest common factor of p and h?
12
Let w = 312 + -310. Calculate the highest common factor of 86 and w.
2
Let k = 172 - 144. Calculate the highest common divisor of 28 and k.
28
Let a = 17 - -8. What is the highest common divisor of 325 and a?
25
Let a(i) = 2*i**2 + 17*i + 15. Let f be a(-9). Calculate the highest common factor of f and 216.
24
Let l be (-95)/25 - (-4)/5. Let z be 135/(-18)*2/l. Calculate the highest common divisor of 20 and z.
5
Let i be 2/3*(5 + 34). Let b be ((-87)/27 - -3) + (-2112)/(-27). Calculate the greatest common factor of b and i.
26
Let n(q) = -2*q**2 - 10*q + 4. Let u be n(-5). Suppose -164 + 452 = 8*s. Calculate the highest common factor of s and u.
4
Let q(b) = -b**2 + 8*b - 7. Let a be q(6). Suppose 0*l + 2*l + 46 = 2*n, -a*l = n - 47. Let w = -10 - -28. What is the greatest common factor of n and w?
9
Let n = 560 - -43. Let w = 873 - n. Let q be 33 - ((-3)/1 - -6). Calculate the highest common divisor of w and q.
30
Let c(t) = 41*t**2 + 18*t + 81. Let f be c(-3). Calculate the greatest common factor of 36 and f.
36
Let g = 644 + -575. What is the greatest common divisor of g and 6?
3
Let q be (-4*55/(-60))/((-1)/(-3)). Suppose 15*f - 272 = q*f. What is the highest common factor of 17 and f?
17
Let s(q) = -24*q + 274. Let y be s(10). What is the highest common factor of y and 17?
17
Suppose 5*q - 2 = 4*q, -274 = -3*p - 2*q. Calculate the greatest common divisor of 81 and p.
9
Let q(d) = -18*d**3 - d**2 - d. Let k be -1*(3 + -1)*-1. Suppose r - 2*r + 2*x = 3, -2*r = k*x. Let n be q(r). Calculate the greatest common factor of n and 36.
18
Suppose 5*j - 3*q = 2*q + 3395, j = -2*q + 688. Calculate the highest common divisor of j and 22.
22
Suppose 5*c - 242 = -4*y + 155, -c - 3*y = -86. What is the greatest common divisor of c and 55?
11
Let v be 2/(-14) - (-15704)/364. Calculate the highest common factor of 215 and v.
43
Let i = 34 + -31. Suppose -2*c + 70 = i*c. Let z = -23 + 44. What is the highest common factor of c and z?
7
Let z(k) = 13*k - 2. Let c be z(2). Let r(w) = 46*w + 680. Let q be r(-14). What is the greatest common factor of q and c?
12
Let l(i) = 109*i - 16. Let c be l(1). Calculate the greatest common divisor of c and 155.
31
Let m be (-3 - -2 - -119) + -87 + 94. What is the greatest common factor of m and 45?
5
Let t(p) = p**3 - 4*p**2 - 6*p - 6. Let x be 27/(-36) + 27/4. Let a be t(x). Calculate the highest common divisor of 10 and a.
10
Let a be (-6 - 2)/(-4) - 2. Suppose a = 5*m + 3*f + 181, 3*f + f = 5*m + 202. Let s = 86 + m. Calculate the greatest common factor of s and 6.
6
Let n(c) = -c. Let h be n(3). Let a be (-44)/h*(-21)/(-14). Let z = 67 - a. What is the greatest common factor of 18 and z?
9
Let w be (-234)/(-24) - 13/(-52). Suppose 0 = 5*m - 2*m - 9. Suppose m*s = w*s - 119. What is the highest common factor of 34 and s?
17
Suppose -5*c + 2514 = -166. What is the greatest common divisor of c and 16?
8
Let r be -306*(5 - (-60)/(-8)). Calculate the highest common factor of 90 and r.
45
Let h be 4*447/6 - (-10)/5. Suppose -8*c + 4*c + 387 = -3*w, -3*c - w + h = 0. What is the highest common divisor of c and 9?
9
Let i(n) = 6*n**2 - 5771*n + 5764*n + 9 + 0*n**2. Suppose c + 0 = 1, -3*b + 16 = 4*c. Let l be i(b). Calculate the greatest common divisor of l and 11.
11
Let u(l) = l + 6. Suppose 11*n + 20 = 7*n. Let w be u(n). Suppose -v + w = -55. Calculate the highest common factor of v and 8.
8
Let g = -17 + 8. Let k = -7 - g. Suppose 6 = -2*z, -8*z + 337 = k*s - 3*z. What is the greatest common factor of 22 and s?
22
Let o = -14 - -10. Let p be (-18)/(5/(190/o)). Calculate the greatest common factor of 19 and p.
19
Let z = 9 + 3. What is the highest common divisor of 132 and z?
12
Let x be (-518)/(-4)*4/8*4. Calculate the highest common divisor of 14 and x.
7
Let o(d) = d - 13. Let k be o(16). Let w be (2/1)/(-2)*(k - 33). What is the highest common factor of w and 6?
6
Let l be (-5 - -4)*(0/(-3) + -38). Calculate the greatest common factor of l and 418.
38
Let a = -187 + 191. Calculate the highest common divisor of a and 68.
4
Suppose 3*h - 28 = 4*p + 22, 35 = 3*h - p. Suppose 0 = 25*g + 561 - 2311. Calculate the greatest common divisor of g and h.
10
Suppose 8*a - 64 + 9 = 3*a. Suppose -4*l - 2*b + 354 = 0, -b + 83 = l - 6*b. Calculate the greatest common divisor of l and a.
11
Let u be 5 + (-3 - (-8 + 1)). Let f(x) = -x**3 + 9*x**2 + 6. Let s be f(u). What is the highest common divisor of s and 15?
3
Suppose 0 = -24*j + 218 + 718. What is the highest common divisor of 3 and j?
3
Let p = 0 + 30. Let q = p - 12. Let n be -10*((-57)/24 + 2)*24. Calculate the highest common divisor of n and q.
18
Suppose -288 = -5*j + 272. Calculate the greatest common factor of j and 16.
16
Let s(r) = -r**2 + 1. Let w(p) = -2*p**2 + 4*p. Let a(o) = -5*s(o) + w(o). Let d = 571 + -569. Let i be a(d). What is the greatest common factor of i and 15?
15
Suppose -5*b = 3*h - 200, 5*b - 160 = b + h. What is the highest common divisor of b and 180?
20
Let z be (6 - 2)/((-2)/(-7)). Let a = z + 3. Calculate the highest common factor of a and 17.
17
Let q(s) = 4*s + 24. Let d be q(-3). Calculate the highest common divisor of d and 8.
4
Let t = 21 + -6. Let u(x) = 98*x**2 - 48*x**2 - 14*x - 51*x**2 + 30. Let b be u(-14). Calculate the greatest common factor of b and t.
15
Let r be 83 + (-128)/16*2/(-4). What is the highest common divisor of 145 and r?
29
Let b(i) = -i**2 - 17*i - 31. Let l be b(-7). Suppose 2*r + 195 = 7*r. What is the greatest common divisor of l and r?
39
Let c be (2 - 4) + 12 + 12 + 122. What is the highest common factor of 256 and c?
16
Suppose -19*s - 329 = -66*s. What is the highest common factor of s and 112?
7
Let s(f) = 3*f**2 - 14 - 6 + 19*f - 4*f**2. Let a be s(18). Let g be a/((-8)/(-12)) + 19. Calculate the highest common factor of 24 and g.
8
Suppose 3*a + 4*r + 44 = 4*a, -202 = -5*a + 2*r. What is the greatest common divisor of 520 and a?
40
Suppose -2*h - 802 = -4*k, 4*k - 462 - 337 = 5*h. What is the highest common divisor of k and 3?
3
Let i be (-1 - -1)*1/(-2). Suppose 4*x + 3*k - 59 = i, -k = -5*x + 86 - 17. Let q be 28*(6 - -3)/18. What is the highest common divisor of x and q?
14
Let c = -118 + 123. Calculate the highest common factor of 45 and c.
5
Let o(s) = -37*s - 199. Let v be o(-7). What is the greatest common divisor of v and 980?
20
Let b = 651 + -630. What is the highest common factor of 721 and b?
7
Let p(h) = -h**2 - 3*h. Let x be p(-3). Suppose -3*b = 4*v - 719, 5 = b - x. What is the greatest common factor of 11 and v?
11
Let v(d) = 5*d**2 + d. Let n be v(-4). Suppose 6*a - n - 14 = 0. What is the highest common factor of a and 285?
15
Let c = -14 - -20. Let v(g) = -g**3 + 8*g**2 - 7*g - 6. Let y be v(c). Let s be (2/4)/(3/36). Calculate the highest common factor of s and y.
6
Let u = 37 - 42. Let p = 40 - u. Calculate the highest common factor of 18 and p.
9
Let t be 15 + (3 - (5 - 3)). Suppose 4*b = -2*d + 48, -3*b + 100 = 5*d + 2*b. What is the highest common divisor of t and d?
16
Let x(y) = 7*y + 91. Let w be x(-12). Suppose 0 = -3*d - 2*d + 5. Calculate the greatest common factor of d and w.
1
Let c be (-126)/(-3 + 2)*(1 + 0). Calculate the greatest common divisor of c and 294.
42
Let z be 4 + 0 - 14*-1. Let y = 20 - z. Suppose 5*h + 3*a - 345 = -y*a, 63 = h - 5*a. Calculate the greatest common divisor of 34 and h.
34
Suppose -q + 3*s - 3 = -0, -3*q = -5*s - 7. Let k be 8/12 - (-84)/q. Let j = 65 + 5. Calculate the highest common divisor of j and k.
10
Suppose -o - o + 32 = 5*p, -2*p + 5*o + 7 = 0. Suppose 195 = p*q + 7*q. What is the highest common factor of 285 and q?
15
Suppose 5*p = 4*k - 190 - 132, 160 = 2*k - 2*p. Calculate the greatest common divisor of 130 and k.
26
Suppose -4*a = -5*v + v, 0 = -5*a + 20. Suppose -v*l + 4*b + 72 = 0, -b - 39 = -3*l - 3*b. What is the greatest common divisor of l and 60?
15
Suppose 0 = 4*x - 2*v + 28, 3*x + 8 = -v - 8. Let i be (-2*x/(-4))/(39/(-1274)). What is the hi